6937857?
7
What is the units digit of 36102775?
5
What is the thousands digit of 378565?
8
What is the thousands digit of 511705?
1
What is the millions digit of 5267206?
5
What is the thousands digit of 296806?
6
What is the units digit of 3077550?
0
What is the units digit of 6553682?
2
What is the units digit of 597450?
0
What is the tens digit of 186552?
5
What is the units digit of 493326?
6
What is the thousands digit of 9098739?
8
What is the ten millions digit of 11990497?
1
What is the hundred thousands digit of 2786624?
7
What is the hundreds digit of 7922215?
2
What is the tens digit of 785008?
0
What is the thousands digit of 98501?
8
What is the units digit of 58613?
3
What is the hundreds digit of 349185?
1
What is the units digit of 629912?
2
What is the hundreds digit of 5930436?
4
What is the ten thousands digit of 270732?
7
What is the tens digit of 1221689?
8
What is the ten thousands digit of 2633673?
3
What is the millions digit of 1173729?
1
What is the ten thousands digit of 514686?
1
What is the tens digit of 634596?
9
What is the hundreds digit of 3935455?
4
What is the hundreds digit of 425939?
9
What is the tens digit of 1351676?
7
What is the tens digit of 1594?
9
What is the millions digit of 16828865?
6
What is the thousands digit of 3807937?
7
What is the ten thousands digit of 7415059?
1
What is the tens digit of 305291?
9
What is the thousands digit of 145030?
5
What is the hundreds digit of 14130881?
8
What is the hundreds digit of 2788315?
3
What is the tens digit of 2029653?
5
What is the ten thousands digit of 160744?
6
What is the units digit of 171975?
5
What is the units digit of 1557804?
4
What is the ten thousands digit of 72922?
7
What is the hundreds digit of 255258?
2
What is the millions digit of 19409067?
9
What is the units digit of 423604?
4
What is the hundreds digit of 88190?
1
What is the ten thousands digit of 128373?
2
What is the thousands digit of 311065?
1
What is the tens digit of 15272?
7
What is the thousands digit of 859812?
9
What is the hundreds digit of 38144?
1
What is the ten thousands digit of 7547569?
4
What is the tens digit of 11428100?
0
What is the units digit of 386564?
4
What is the tens digit of 943409?
0
What is the ten thousands digit of 1013820?
1
What is the ten thousands digit of 2719841?
1
What is the tens digit of 53883?
8
What is the thousands digit of 126259?
6
What is the ten millions digit of 10057514?
1
What is the thousands digit of 668658?
8
What is the ten thousands digit of 270603?
7
What is the ten thousands digit of 6552817?
5
What is the tens digit of 494990?
9
What is the ten thousands digit of 51218?
5
What is the tens digit of 234897?
9
What is the tens digit of 13602802?
0
What is the tens digit of 6311202?
0
What is the tens digit of 33487?
8
What is the units digit of 68496?
6
What is the hundreds digit of 8380510?
5
What is the tens digit of 6124653?
5
What is the millions digit of 2556651?
2
What is the hundred thousands digit of 307976?
3
What is the tens digit of 5901578?
7
What is the hundred thousands digit of 2543666?
5
What is the tens digit of 60117?
1
What is the thousands digit of 447997?
7
What is the thousands digit of 43269?
3
What is the hundred thousands digit of 19098293?
0
What is the units digit of 1595966?
6
What is the units digit of 1442694?
4
What is the hundreds digit of 5427906?
9
What is the units digit of 630397?
7
What is the thousands digit of 8923949?
3
What is the ten thousands digit of 648919?
4
What is the units digit of 281553?
3
What is the thousands digit of 739922?
9
What is the hundred thousands digit of 117485?
1
What is the hundreds digit of 3381586?
5
What is the thousands digit of 195027?
5
What is the tens digit of 46261?
6
What is the hundreds digit of 27189482?
4
What is the ten thousands digit of 383996?
8
What is the thousands digit of 2158671?
8
What is the ten millions digit of 24956201?
2
What is the hundreds digit of 3855130?
1
What is the hundred thousands digit of 2920083?
9
What is the thousands digit of 12597228?
7
What is the ten thousands digit of 926631?
2
What is the units digit of 288902?
2
What is the thousands digit of 261931?
1
What is the hundred thousands digit of 7891328?
8
What is the hundreds digit of 305642?
6
What is the units digit of 2120209?
9
What is the hundreds digit of 291516?
5
What is the hundreds digit of 1804096?
0
What is the hundred thousands digit of 569025?
5
What is the ten thousands digit of 93925?
9
What is the hundreds digit of 3253336?
3
What is the ten thousands digit of 2939112?
3
What is the hundreds digit of 180875?
8
What is the thousands digit of 331800?
1
What is the hundreds digit of 4609480?
4
What is the hundreds digit of 408189?
1
What is the hundred thousands digit of 902241?
9
What is the units digit of 2269147?
7
What is the ten thousands digit of 121107?
2
What is the thousands digit of 516818?
6
What is the thousands digit of 4340539?
0
What is the thousands digit of 15255?
5
What is the thousands digit of 2706408?
6
What is the hundred thousands digit of 1291928?
2
What is the hundreds digit of 13363368?
3
What is the tens digit of 739719?
1
What is the millions digit of 1323708?
1
What is the thousands digit of 3544356?
4
What is the hundred thousands digit of 1815950?
8
What is the hundreds digit of 235329?
3
What is the units digit of 14640457?
7
What is the millions digit of 14638127?
4
What is the tens digit of 10497938?
3
What is the units digit of 1083514?
4
What is the tens digit of 5909850?
5
What is the thousands digit of 81977?
1
What is the thousands digit of 814929?
4
What is the ten thousands digit of 2017777?
1
What is the ten thousands digit of 8156889?
5
What is the thousands digit of 163184?
3
What is the units digit of 5078?
8
What is the units digit of 2758717?
7
What is the millions digit of 1111809?
1
What is the hundred thousands digit of 875825?
8
What is the hundred thousands digit of 658400?
6
What is the thousands digit of 77719?
7
What is the ten thousands digit of 14180836?
8
What is the millions digit of 33330543?
3
What is the ten thousands digit of 12534940?
3
What is the units digit of 831493?
3
What is the tens digit of 4314793?
9
What is the units digit of 2363720?
0
What is the thousands digit of 4796721?
6
What is the hundreds digit of 53649?
6
What is the units digit of 556636?
6
What is the hundred thousands digit of 406746?
4
What is the ten thousands digit of 15013083?
1
What is the hundreds digit of 4875119?
1
What is the millions digit of 1312358?
1
What is the thousands digit of 12149213?
9
What is the hundred thousands digit of 8979574?
9
What is the units digit of 238651?
1
What is the ten thousands digit of 135905?
3
What is the thousands digit of 1154?
1
What is the hundreds digit of 15009439?
4
What is the hundreds digit of 595528?
5
What is the thousands digit of 67291?
7
What is the hundred thousands digit of 5923919?
9
What is the thousands digit of 8599989?
9
What is the units digit of 10531?
1
What is the thousands digit of 750148?
0
What is the hundred thousands digit of 1921220?
9
What is the thousands digit of 53772?
3
What is the thousands digit of 87929?
7
What is the units digit of 4589327?
7
What is the ten millions digit of 13223473?
1
What is the ten thousands digit of 357835?
5
What is the millions digit of 10387809?
0
What is the hundreds digit of 3184457?
4
What is the hundreds digit of 658512?
5
What is the units digit of 14695861?
1
What is the tens digit of 389941?
4
What is the ten thousands digit of 113839?
1
What is the thousands digit of 3618903?
8
What is the tens digit of 117857?
5
What is the tens digit of 2936538?
3
What is the thousands digit of 16629763?
9
What is the hundreds digit of 18557?
5
What is the hundred thousands digit of 1406690?
4
What is the thousands digit of 1691557?
1
What is the units digit of 3688471?
1
What is the millions digit of 4160834?
4
What is the ten thousands digit of 236241?
3
What is the ten thousands digit of 5974166?
7
What is the hundreds digit of 15401860?
8
What is the tens digit of 1069198?
9
What is the tens digit of 316976?
7
What is the thousands digit of 242688?
2
What is the ten thousands digit of 31433433?
3
What is